hen y is divided by 12.
10
Suppose 3*v = 4 + 8. What is the remainder when 10 is divided by v?
2
Suppose -3*g = 2*f - 107, 2*g - 6*g + 3*f + 171 = 0. Suppose -3*o + g = -x, -2*x + 16 + 23 = 3*o. What is the remainder when 24 is divided by o?
11
Let t = 34 + -10. What is the remainder when t is divided by 13?
11
Let a = 30 - 26. Suppose a*s - s = 51. What is the remainder when s is divided by 4/(-18) + (-56)/(-9)?
5
Let p = 8 - 1. What is the remainder when 18 is divided by p?
4
Calculate the remainder when 2 - 3 - -2 - -28 is divided by 15.
14
Let u(x) = x**2 + 6*x + 5. Suppose -g = 2*g + 15. Let c be u(g). Suppose o + c*o = 18. What is the remainder when 35 is divided by o?
17
Suppose 0 = -5*p - 20, -2 = -3*i - 4*p - 0. Suppose 0 = 4*l + 4*y - 20, 8 = 2*l + y - 7. What is the remainder when l is divided by i?
4
Suppose -5*c = m + 10, 0 = c - 0*c + 3. What is the remainder when 27 is divided by m?
2
Let f = -65 + 45. Let t be 2/(-9) + 492/27. Calculate the remainder when t/4*f/(-3) is divided by 11.
8
Suppose o + 85 = 3*d, 0*d - 4*o = -d + 10. Suppose -4*f + 4*j = -10 - 70, 96 = 5*f - 4*j. Calculate the remainder when d is divided by f.
14
Let a(c) = -6*c**3 + 2*c**2 + 3*c. Let o(k) = k**3 - 10*k**2 - 11*k + 13. What is the remainder when a(-2) is divided by o(11)?
11
Let s(g) be the first derivative of g**3/3 - 9*g**2/2 + 18*g - 2. Calculate the remainder when s(13) is divided by 18.
16
Calculate the remainder when 25 is divided by (-2)/(-1) - -2 - (6 + -15).
12
Let n(x) = x + 7. Suppose -4*l + 10 = -2*l. Let r(j) = 2*j**3 - 6*j**2 + 2. Calculate the remainder when r(4) is divided by n(l).
10
Suppose -l + 2 = -7. Let h(c) = 5*c**2 + 3*c - 3. What is the remainder when h(-3) is divided by l?
6
Suppose -6*p + 8 = 4*n - 2*p, 4*n = -p + 11. Suppose -n*q + o = -2*q - 4, 32 = 5*q - o. What is the remainder when q is divided by 3?
1
Suppose -3 = -2*c - 17. Let a(h) = -h + 1. Calculate the remainder when a(c) is divided by 5.
3
Let d(t) be the second derivative of -10*t**3/3 + 7*t**2/2 - 2*t. Calculate the remainder when d(-3) is divided by 23.
21
Let p(m) = -m**3 + 9*m**2 - 8*m - 4. Let z be p(8). Let t(j) = -j - 2. Calculate the remainder when 14 + 2*2/z is divided by t(-9).
6
Let k = 324 - 225. Suppose -4*t + t - 44 = -2*i, 0 = -2*t + 4. What is the remainder when k is divided by i?
24
Let h = 10 + -2. Suppose 0*i + 16 = 5*q + 2*i, 3*i - 15 = -3*q. Suppose -3*n + s = -62, -n - q*s + 6 = -24. Calculate the remainder when n is divided by h.
6
Suppose 5*v - 20 = -0*v. What is the remainder when v is divided by 2?
0
Let i = -5 - -19. Suppose 0 = -2*f - 6, f + 2*f = 2*x - 25. Suppose 2*t - t = x. What is the remainder when i is divided by t?
6
Let v(u) = 18*u**2 - 5*u - 5. What is the remainder when v(-2) is divided by 27?
23
Suppose 0*c + 2*c = 118. What is the remainder when c is divided by 30?
29
Calculate the remainder when (-22)/(-1 - (-14)/18) is divided by (-550)/33*(-3)/2.
24
Let n = -8 + 39. What is the remainder when 56 is divided by n?
25
Let i(c) = -c**2 - 5*c + 6. Let t be i(3). Let r = t + 31. What is the remainder when (50/1)/(3/3) is divided by r?
11
Let k(g) = g + 6. Let f be k(-8). Let z(o) = o**2 + 2*o + 3. Calculate the remainder when 8 is divided by z(f).
2
Suppose -29 + 725 = 12*l. Calculate the remainder when l is divided by 20.
18
Let z(f) = -f + 6. Let r(y) = 3*y - 2. Let j be r(2). Let b be z(j). Suppose -b*c - 4*p + 4 = -6, -10 = -c - p. Calculate the remainder when 57 is divided by c.
12
Suppose 5 - 1 = -s. Suppose 0 = 4*m - 2*m - 24. What is the remainder when 308/9 + s/18 is divided by m?
10
Let i = 10 - 7. Suppose 0*p + i*p = 117. Let f = p + -26. Calculate the remainder when 24 is divided by f.
11
Let i = -2 - -5. Suppose l - 84 = -i*l. Calculate the remainder when l is divided by 11.
10
Let p = -337 + 488. What is the remainder when p is divided by 32?
23
Suppose -147 = 4*d - 5*v, -3*d + 0*d - 108 = -3*v. Let p = -20 - d. What is the remainder when p is divided by 5?
3
Let j = 102 + -40. What is the remainder when j is divided by 16?
14
Suppose 0 = 5*q - 321 - 894. Calculate the remainder when q is divided by 49.
47
Let p = -54 - -94. What is the remainder when p is divided by 26?
14
Suppose 0 = -4*m + 2 + 10. Suppose 2*k - k - 12 = 0. Suppose -4*p = d - 5 - 1, -5*d = 2*p - k. What is the remainder when m is divided by d?
1
Suppose 3*c = 7*c - 16. Calculate the remainder when 15 is divided by c.
3
Let a(t) = t**3 + t**2 - 2*t. What is the remainder when 21 is divided by a(2)?
5
Let a = -2 + 5. Suppose a = -3*p + 21. What is the remainder when 22 is divided by p?
4
Let s(w) = -w**3 + 7*w**2 + w - 6. Let t be s(7). Suppose -n + 5 = t. Suppose 24 = v - n*i - 0*i, 4*v - 3*i = 31. What is the remainder when 13 is divided by v?
1
Let k = 2 + -2. Suppose k*g - 75 = -3*g. What is the remainder when g is divided by 14?
11
Suppose 2*i - 983 = -4*h - i, -5*h - 2*i + 1220 = 0. Suppose h = 4*k + 54. What is the remainder when k is divided by 16?
15
Calculate the remainder when (1 + -7 + 3)*-4 is divided by 9.
3
Suppose 0*f + 2 = -c - 4*f, 0 = -3*c - 4*f + 10. Suppose 5*x - 4*x = 7. Let w = x + c. What is the remainder when w is divided by 4?
1
Let i = -18 - -19. Suppose 6*y = 4*y + 30. Calculate the remainder when ((-377)/26)/(i/(-2)) is divided by y.
14
Let n = -14 - -33. Calculate the remainder when 53 is divided by n.
15
Let k(l) = 7*l**2. Let m be k(1). Let a = m - 13. Let s = a + 8. Calculate the remainder when 4 is divided by s.
0
Suppose 0 = -2*z - 48 - 56. Let m(j) = 13*j - 1. What is the remainder when m(2) is divided by (-1)/(2*2/z)?
12
Let o = 2 - -61. What is the remainder when o is divided by 22?
19
What is the remainder when 630/50*40/6 is divided by 17?
16
Suppose -b = 2*b + 66. Let t be (-3)/(b/8 - -2). Suppose -t*i + 72 - 24 = 0. Calculate the remainder when 35 is divided by i.
11
Suppose 5*x - 10 = -0. Suppose 126 = -x*t + 4*t. What is the remainder when t is divided by 32?
31
Suppose -3*o = -7*o + 2*k + 148, 3*k + 114 = 3*o. Calculate the remainder when (-63)/(-14)*(-20)/(-6) is divided by 20/6*o/15.
7
Suppose 7*j + 28 = 3*r + 8*j, 5*r = -3*j + 44. What is the remainder when 49 is divided by r?
9
Suppose p + 0*p = 5. Let n = 19 + -10. Let r = n - -5. What is the remainder when r is divided by p?
4
What is the remainder when 46 + (-2)/2*1 is divided by 12?
9
Let p = 37 - -16. Suppose 6*r - r = 90. Calculate the remainder when p is divided by r.
17
Suppose -6 = -3*f - 3*r, -1 - 3 = -2*f + 5*r. Let i = 5 - 4. What is the remainder when f is divided by i?
0
Suppose -4*l + 3*v = -149, -l + 3*v = -0*v - 35. What is the remainder when 189 is divided by l?
37
What is the remainder when (-6)/(((-1)/5)/(8/20)) is divided by 8?
4
Let p = -5 - -8. Suppose 4*r - 2*o = 42, -6*r + p*r = 4*o - 15. Suppose 2*y + 2*i - 51 = -y, -34 = -2*y + i. Calculate the remainder when y is divided by r.
8
Let d = 58 + -40. Calculate the remainder when d is divided by 10.
8
Suppose -25 = -5*o + a, 5*o - 3*a = 18 + 17. What is the remainder when 19 is divided by o?
3
Let j be (2/(-2))/((-1)/(-3)). Let x = 20 + j. Calculate the remainder when x is divided by (-4)/10 + (-96)/(-15).
5
Suppose 3*t = 6 + 12. Calculate the remainder when ((-4)/t)/(3/(-63)) is divided by (6/5)/(-1 - (-78)/60).
2
Suppose 5*j = -2*k + 5*k - 69, -45 = 5*j + 5*k. Calculate the remainder when 9 is divided by (5*1)/(j - -13).
4
Let r(f) = -f - 2. Suppose -4*w - 2 - 10 = 5*m, -5*w + 10 = 0. Let z = 2 + 2. Calculate the remainder when z is divided by r(m).
0
Let v(c) = -2*c**3 + c**2 - 1. Let u be v(-1). Suppose -4*m + u*m - 4*w = -18, -3*m = -4*w - 37. Calculate the remainder when 31 is divided by m.
9
Let a = -126 + 131. Calculate the remainder when a is divided by 4.
1
Let f(h) = h**3 - 7*h**2 + 4*h - 3. Let y be f(7). Suppose -4*a + y = u - 33, -8 = 4*u. Calculate the remainder when a is divided by 4.
3
Let m = 86 - 68. What is the remainder when 141 is divided by m?
15
Suppose -4*g = 4*t, 6*t = t - g. Let l be (2 - 2)/(2 - t). Suppose -5*x + 4*y + 144 = l, -3*y + 81 + 56 = 5*x. What is the remainder when x is divided by 15?
13
Let z(k) = -k - 8. Let v be z(0). Calculate the remainder when 13 is divided by (-1 + 2)/((-2)/v).
1
Suppose -3*i = 9 - 3, 36 = 2*x - 4*i. Calc